r when 1030622 is divided by 25?
22
What is the remainder when 66747 is divided by 439?
19
What is the remainder when 126177 is divided by 26?
25
What is the remainder when 111837 is divided by 51?
45
Calculate the remainder when 355627 is divided by 11.
8
Calculate the remainder when 1385 is divided by 1119.
266
Calculate the remainder when 1187 is divided by 513.
161
What is the remainder when 758 is divided by 230?
68
Calculate the remainder when 1758 is divided by 1649.
109
What is the remainder when 113272 is divided by 575?
572
Calculate the remainder when 112696 is divided by 147.
94
Calculate the remainder when 150503 is divided by 355.
338
What is the remainder when 12592 is divided by 44?
8
Calculate the remainder when 666322 is divided by 36.
34
Calculate the remainder when 53386 is divided by 53371.
15
Calculate the remainder when 111180 is divided by 1233.
210
What is the remainder when 254241 is divided by 2518?
2441
Calculate the remainder when 2186 is divided by 1008.
170
Calculate the remainder when 479182 is divided by 134.
132
Calculate the remainder when 70382 is divided by 28.
18
What is the remainder when 344409 is divided by 341?
340
What is the remainder when 1889 is divided by 463?
37
What is the remainder when 138946 is divided by 69472?
2
Calculate the remainder when 8555 is divided by 94.
1
What is the remainder when 1261 is divided by 141?
133
What is the remainder when 48820 is divided by 526?
428
Calculate the remainder when 12592 is divided by 80.
32
Calculate the remainder when 656177 is divided by 172.
169
What is the remainder when 970 is divided by 88?
2
Calculate the remainder when 20083 is divided by 25.
8
Calculate the remainder when 172 is divided by 26.
16
What is the remainder when 579 is divided by 465?
114
Calculate the remainder when 1214 is divided by 1179.
35
Calculate the remainder when 882 is divided by 246.
144
Calculate the remainder when 30188 is divided by 193.
80
Calculate the remainder when 90547 is divided by 307.
289
Calculate the remainder when 23653 is divided by 9.
1
What is the remainder when 22271 is divided by 94?
87
What is the remainder when 1452 is divided by 462?
66
What is the remainder when 2697 is divided by 2149?
548
Calculate the remainder when 454276 is divided by 33.
31
Calculate the remainder when 112734 is divided by 794.
780
What is the remainder when 43954 is divided by 99?
97
What is the remainder when 248 is divided by 210?
38
Calculate the remainder when 80010 is divided by 26624.
138
What is the remainder when 5178789 is divided by 149?
145
Calculate the remainder when 20046 is divided by 5007.
18
Calculate the remainder when 246 is divided by 17.
8
Calculate the remainder when 21219 is divided by 93.
15
Calculate the remainder when 3953 is divided by 143.
92
What is the remainder when 21618 is divided by 10797?
24
What is the remainder when 6502 is divided by 921?
55
Calculate the remainder when 32883 is divided by 8184.
147
Calculate the remainder when 633709 is divided by 27.
19
What is the remainder when 11487 is divided by 839?
580
Calculate the remainder when 858931 is divided by 57.
55
What is the remainder when 753 is divided by 607?
146
Calculate the remainder when 1072381 is divided by 1172.
1
Calculate the remainder when 873 is divided by 841.
32
What is the remainder when 1128 is divided by 307?
207
Calculate the remainder when 6952 is divided by 870.
862
Calculate the remainder when 101298 is divided by 4.
2
What is the remainder when 24362 is divided by 393?
389
What is the remainder when 11974 is divided by 1081?
83
What is the remainder when 8594 is divided by 572?
14
What is the remainder when 273644 is divided by 91212?
8
Calculate the remainder when 238874 is divided by 11.
9
Calculate the remainder when 891989 is divided by 344.
341
What is the remainder when 107562 is divided by 18?
12
Calculate the remainder when 460 is divided by 295.
165
Calculate the remainder when 43522 is divided by 372.
370
What is the remainder when 7932 is divided by 1339?
1237
What is the remainder when 1951 is divided by 497?
460
What is the remainder when 191 is divided by 1?
0
What is the remainder when 19155 is divided by 19148?
7
What is the remainder when 7468 is divided by 37?
31
What is the remainder when 59470 is divided by 29723?
24
Calculate the remainder when 172344 is divided by 10.
4
Calculate the remainder when 2011 is divided by 23.
10
What is the remainder when 2774 is divided by 76?
38
What is the remainder when 54185 is divided by 92?
89
Calculate the remainder when 13200 is divided by 43.
42
What is the remainder when 11765 is divided by 5880?
5
Calculate the remainder when 11197 is divided by 303.
289
What is the remainder when 278858 is divided by 69710?
18
Calculate the remainder when 10416 is divided by 654.
606
What is the remainder when 1163 is divided by 580?
3
Calculate the remainder when 223070 is divided by 306.
302
Calculate the remainder when 2379 is divided by 573.
87
What is the remainder when 14161 is divided by 4709?
34
What is the remainder when 18194 is divided by 6061?
11
What is the remainder when 9591 is divided by 69?
0
What is the remainder when 50488 is divided by 73?
45
Calculate the remainder when 346 is divided by 176.
170
What is the remainder when 5037 is divided by 85?
22
What is the remainder when 5385 is divided by 1089?
1029
What is the remainder when 1189006 is divided by 102?
94
What is the remainder when 78277 is divided by 589?
529
Calculate the remainder when 20239 is divided by 19996.
243
What is the remainder when 35544 is divided by 32?
24
Calculate the remainder when 4270 is divided by 60.
10
Calculate the remainder when 1518 is divided by 63.
6
Calculate the remainder when 2605 is divided by 28.
1
Calculate the remainder when 1955 is divided by 634.
53
Calculate the remainder when 2194 is divided by 457.
366
Calculate the remainder when 7654 is divided by 283.
13
What is the remainder when 2091 is divided by 875?
341
Calculate the remainder when 2792 is divided by 439.
158
What is the remainder when 12924 is divided by 2097?
342
Calculate the remainder when 71204 is divided by 774.
770
Calculate the remainder when 1297 is divided by 1138.
159
What is the remainder when 9131 is divided by 23?
0
What is the remainder when 650494 is divided by 8?
6
Calculate the remainder when 7256 is divided by 121.
117
Calculate the remainder when 8526 is divided by 304.
14
Calculate the remainder when 22610 is divided by 86.
78
What is the remainder when 29563 is divided by 4220?
23
Calculate the remainder when 423965 is divided by 42393.
35
Calculate the remainder when 19959 is divided by 999.
978
What is the remainder when 22905 is divided by 15?
0
What is the remainder when 54618 is divided by 393?
384
Calculate the remainder when 15778 is divided by 33.
4
Calculate the remainder when 67042 is divided by 16756.
18
What is the remainder when 3581 is divided by 223?
13
Calculate the remainder when 9111 is divided by 2829.
624
Calculate the remainder when 587 is divided by 113.
22
What is the remainder when 11065 is divided by 3659?
88
What is the remainder when 181881 is divided by 23?
20
Calculate the remainder when 49828 is divided by 1811.
931
What is the remainder when 9974 is divided by 477?
434
What is the remainder when 1084104 is divided by 87?
84
Calculate the remainder when 4784 is divided by 434.
10
Calculate the remainder when 4204 is divided by 200.
4
What is the remainder when 1883 is divided by 242?
189
What is the remainder when 2980 is divided by 37?
20
What is the remainder when 2570 is divided by 819?
113
Calculate the remainder when 1185752 is divided by 21174.
8
Calculate the remainder when 2906 is divided by 760.
626
Calculate the remainder when 33895 is divided by 3766.
1
Calculate the remainder when 1043661 is divided by 48.
45
Calculate the remainder when 9211 is divided by 675.
436
What is the remainder when 484 is divided by 298?
186
What is the remainder when 2083 is divided by 560?
403
Calculate the remainder when 10497 is divided by 123.
42
Calculate the remainder when 2601 is divided by 516.
21
Calculate the remainder when 7659 is divided by 504.
99
What is the remainder when 5535 is 